-6
Let z(n) = n**2 + n - 1. Let s(g) = -5*g**2 - 9*g + 11. Let k(b) = s(b) + 4*z(b). Let t = -15 - -14. Let x be ((-6)/(-9) + t)*15. Determine k(x).
7
Let r(t) = -14*t**3 + 24*t**2 + 40*t - 29. Let x(l) = -5*l**3 + 8*l**2 + 15*l - 10. Let k(b) = -4*r(b) + 11*x(b). Determine k(7).
-8
Suppose -7*p + 12*p = 10. Let r(a) = 1 + a - 1 - p. Give r(4).
2
Let p(y) be the second derivative of y**5/20 - 5*y**4/12 + y**3/3 + 9*y**2/2 - 265*y. Calculate p(4).
1
Let k(r) = -18*r - 1 - 8*r + 26*r + 0 + 2*r**2. Calculate k(2).
7
Let w(v) = v**2 + 5*v - 2. Let f(x) = -4*x + 1. Let p(z) = -f(z) - w(z). Give p(1).
-1
Suppose -4*w - 4 = 0, -9*u - 5*w = -8*u - 1. Let i(s) = 6*s + 1. Determine i(u).
37
Let l(f) = f**2 + 3*f - 8. Let m be l(-10). Let u = 66 - m. Let t(w) = 2*w**2 - 2*w - 5. Calculate t(u).
19
Let p(i) be the second derivative of -i**4/12 - i**3 + i**2 - 77*i. Give p(-8).
-14
Let m(j) = 106 + 1 - 109 + 5*j. Calculate m(2).
8
Let w(j) be the first derivative of -j**2/2 - j + 9. Calculate w(-2).
1
Suppose 0 = -3*h - 6 - 45. Let i = h + 20. Suppose i*c - 7*c - 12 = 0. Let q(o) = o**2 - 3. Determine q(c).
6
Let f = -13 + 15. Let c(k) = 1 - f*k - 1 + 0. Let n be c(-2). Let m(r) = 2*r - 6. Calculate m(n).
2
Let x(p) = p**2 + 3. Let o(n) = -5*n - 7 + 16 + 0*n + 6*n. Let l be o(-9). Determine x(l).
3
Let v(c) = -c**2 + 11*c - 27. Let b be v(6). Let a(s) be the second derivative of -s**5/20 + s**4/12 + s**3/2 - s**2/2 + 2*s. Give a(b).
-10
Let y(l) = -l**2 + 8*l + 4. Suppose 2*n + 52 = 5*c, -3*c + 1 = -2*n - 31. Determine y(c).
-16
Let p(q) be the second derivative of -q**3/2 + 3*q**2/2 - 119*q. What is p(-10)?
33
Let o(y) = -6*y**3 - y**2 + 2*y - 1. Let t(w) = 1 - 6 - 10 + 3*w - 2. Let l be t(6). Determine o(l).
-6
Let i(d) = -d**3 - 7*d**2 + d + 10. Let f be ((-4)/(-5))/(3/15). Suppose 2*s + 2*t = -4, f*s + 0*s = -2*t - 18. Determine i(s).
3
Let b = 41 - 39. Let h(w) = 14*w - 3. What is h(b)?
25
Let c be (-94)/(-14) - 4/(-14). Suppose 0 = -2*u + c*u + 10. Let t(q) = 6*q**2 + 4*q**2 - 4*q**2 - 3*q**2. Determine t(u).
12
Let i(c) be the second derivative of 22 + 1/3*c**3 + 1/2*c**2 + 2*c. Give i(1).
3
Let b(d) = d + 15. Suppose -4*u + 5 = -k, 15*u - 12*u = 4*k + 20. Give b(u).
15
Let j be (-4 + -1 - -3) + 2. Let f(c) = 163 + j*c + 2*c**2 + c**3 - 162 - 3*c. Calculate f(-3).
1
Let w(i) be the second derivative of i**5/60 - i**4/8 - 2*i**3/3 + i**2 + 6*i. Let f(z) be the first derivative of w(z). Let n = 8 - 4. Calculate f(n).
0
Let p(k) = -k**2 - 8*k + 3. Suppose 0 = 2*j - 0*j + 140. Let w = j + 63. Determine p(w).
10
Suppose -4*j - 4*y = 4, j + 4*y + 6 = -1. Let i(g) = -2*g + 19*g - g**3 + 2*g**2 - 13*g + j. Calculate i(4).
-15
Let p be 2 - (-26)/(-5 + 3). Let j(c) = -c**2 - 12*c + 9. Calculate j(p).
20
Suppose -3*w + 2*b = -16, 0*b = 3*w + 2*b - 20. Let c(j) be the first derivative of 43 - 1/2*j**2 + 0*j. Calculate c(w).
-6
Let t(b) = -6*b**2 + 10*b + 14. Let y be t(-7). Let j be y/45 - -6 - (-4)/(-18). Let o(s) be the second derivative of 5*s**3/6 + s**2/2 + s. What is o(j)?
-9
Let y(w) = w**3 + w**2 + w - 1. Suppose 0 = -4*a - 3*a + 8*a. Determine y(a).
-1
Let r(u) = -2*u + 10. Suppose 98*j - 168 = 74*j. Determine r(j).
-4
Let o(d) = -3*d**2 + 3*d + 49. Let z(j) = -j**2 + 9. Let c(s) = o(s) - 2*z(s). Give c(6).
13
Let u(a) = -a**2 + a - 7. Suppose 3*l + 5*r + 12 = 2, 4*l - r = 25. Determine u(l).
-27
Suppose 2*s = 1 - 7. Let n(k) be the second derivative of -k**5/20 - k**4/6 + 2*k**3/3 + k**2 - 3*k - 17. Give n(s).
-1
Let x(l) = 4*l**2 + 2*l - 1. Suppose -16*b - 69 = 7*b. What is x(b)?
29
Let k = -50 - -53. Let v = 23 - 15. Let a(s) = -2 + 3 + 0 + v*s**2 - 6*s**k - 10*s**2. Calculate a(1).
-7
Let k(q) = 2*q**2 + 2*q + 5. Suppose -3*o = -o. Let s be k(o). Suppose -3*g = 2*g + s*w - 45, 8 = 2*w. Let f(t) = -t**3 + 6*t**2 - 4*t + 3. What is f(g)?
8
Let a = 9 - 5. Suppose -2 = -6*p + a*p. Let t(q) = -13*q + 4 + 3 - 6 + 22*q. Calculate t(p).
10
Suppose -50 - 58 = 36*j. Let m(r) be the second derivative of r**4/12 + r**3/3 - r**2 + r. Give m(j).
1
Suppose 0 = -l + 3*l - 6. Suppose 5*r - 5*g - 14 = 11, 7 = l*r + g. Suppose r*v + 15 = -t, -5*t + 3*v - 23 = 5*v. Let k(q) = q. What is k(t)?
-3
Suppose -5*x = 3*q + 13 - 40, -4*q = -5*x - 1. Let i(l) = l**2 - 7*l + 5. Calculate i(q).
-7
Suppose 3*k = 2*k - 4. Let b be 8/5*65/(-26). Let p be -16*k/8 + b. Let m(a) = -a**3 + 5*a**2 - a - 4. Determine m(p).
8
Suppose 2*w = -0*w + 2. Let o(k) = 8*k + 415 - 12*k - 415. Calculate o(w).
-4
Let u(c) = -14 - 5*c**2 + 13 + 25*c - 21*c + 6 + c**3. Give u(4).
5
Suppose 0*n = 16*n - 144. Let l(o) = 2*o**3 - 21*o**2 - 23*o + 12. Let a(y) = -3*y**3 + 32*y**2 + 35*y - 18. Let k(x) = -5*a(x) - 8*l(x). Calculate k(n).
-6
Let j(y) = y**3 + y**2. Let u(x) = 4*x**3 + 6*x**2 - 2*x. Let w(l) = 3*j(l) - u(l). What is w(-2)?
-8
Let q(m) = 2*m**2 - 5*m + 1. Let w(b) = 5*b**2 - 14*b + 4. Let i(v) = 8*q(v) - 3*w(v). Calculate i(4).
20
Let c(r) = 7*r**2 - 30*r + 13. Let z be c(4). Let w(s) = -s**3 + 6*s**2 - 7*s + 4. Determine w(z).
-6
Suppose -5*f - 20 + 80 = 0. Suppose -d + 5*z + f = 0, -3*d + 44 = -6*d - z. Let p = d + 8. Let s(j) = j - 3. Calculate s(p).
-8
Let l(b) be the second derivative of 0 - 1/2*b**3 - 1/2*b**2 + 1/12*b**4 - 14*b. Determine l(3).
-1
Let t(k) = -6*k + 741*k**2 - 742*k**2 + 26 - 27. Let u be 2/4 + 1/(-2). Suppose 3*o = -u*o - 9. Give t(o).
8
Let y(f) = 2*f + 8. Let g be (-1)/(-1)*(11 + -6). Suppose -g*r = -0*r + 4*n - 53, -n - 7 = -r. Give y(r).
26
Let j(b) = -b**2 - 10*b - 11. Let z be -12 + -4 + 2 + 4 + 1. Give j(z).
-2
Let b(g) = 20716 + 20705 - 41415 + 4*g**2 - 4*g. Calculate b(4).
54
Suppose 30 = -36*b + 41*b. Let z(r) = 6*r - 1. Let h(a) = -7*a + 3. Let n(j) = b*z(j) + 5*h(j). Determine n(-5).
4
Suppose 0 = -4*q - 6 - 6. Suppose 20 = -17*y + 12*y. Let v(u) = -u - 7. Let z(n) = -3*n - 21. Let d(f) = y*z(f) + 11*v(f). Determine d(q).
4
Let l(c) = 4*c**3 - 40*c**2 + 3*c - 23. Let i be l(10). Let b(v) be the first derivative of 2/3*v**3 + i + v + v**2 + 1/2*v**4. What is b(-2)?
-11
Let q(x) = -8*x**3 - 13*x**2 - 6*x - 11. Let g(o) = 9*o**3 + 15*o**2 + 7*o + 13. Let p(j) = -5*g(j) - 6*q(j). Calculate p(-2).
-13
Let u be ((-3)/(-1 - -2))/(-1). Let s(j) = -j - 9. Let h be s(-11). Let l(w) = -4*w - w**3 + 20*w**h - 15*w**2 + 4 - w. Give l(u).
7
Let l(u) = u**3 - 4*u**2 - 5*u + 3. Let q be l(5). Let k = 4 - q. Let c(i) = -5*i - 9*i**2 + 22 - 4 + 3*i - 3 - 14. Determine c(k).
-10
Let a(j) be the second derivative of -j**3/6 + 232*j. Determine a(-5).
5
Let j(v) = 7*v - 59. Let s be j(8). Let p(o) = -3*o**2 - 3*o - 1. What is p(s)?
-19
Suppose -20 = -5*p - 15. Let u be (p - 5) + (1 - 2) + 0. Let w(o) = -o**2 - 2*o + 1. Give w(u).
-14
Let v(m) = 5*m - 4. Suppose 5*w - 9*w + 32 = 0. Suppose -w - 16 = -8*u. Calculate v(u).
11
Let t(k) = k**3 - 4*k - 3. Suppose 2*q - 14 + 4 = 0. Suppose 0 = 6*i - q*i - 3. Let d = i + -5. Give t(d).
-3
Suppose -2*d - 1 = -3. Let j(z) be the first derivative of 7*z**6/360 - 2*z**3 + 2. Let x(o) be the third derivative of j(o). Give x(d).
7
Suppose -15 = 3*i, 7*g + 2*i - 10 = 3*g. Let j(k) be the first derivative of k**2/2 - 4*k + 2168. Calculate j(g).
1
Let b(f) = 4*f**2 + 9*f + 11. Let g(o) = -5*o**2 - 8*o - 12. Let n(d) = -4*b(d) - 3*g(d). Let k be (-7)/(224/288) - (-2 - (-1 + -4)). Give n(k).
-8
Let t(v) = -4*v. Suppose 5*z - 45 + 0 = 0. Let n be (-10)/(-6) + 3/z. Determine t(n).
-8
Suppose -4*h + 10 = -4*s - 22, 0 = -s - 2*h - 5. Let g(j) = j**2 + 10*j + 5. Determine g(s).
-16
Let o(v) = -v**2 - 2*v + 9. Let k be o(0). Let r(w) = 2 - k - w**2 + 9 - 2*w. Suppose -4 = -3*f + f. What is r(f)?
-6
Let n(r) = r**3 - 12*r**2 - 11*r - 18. Suppose -3*j + 0*j + 24 = 5*y, -2*y - 45 = -3*j. What is n(j)?
8
Let j(p) be the third derivative of -p**6/120 - p**5/12 - p**3/3 + p**2. Suppose 8 = 2*y - 2. Suppose 0*k = -k - y. Calculate j(k).
-2
Let h(z) = -2*z - 17. Let m(u) = 8. Let c(g) = -2*h(g) - 5*m(g). Calculate c(2).
2
Suppose 7*s = -2*k + 4*s + 12, -2*k + 4*s - 2 = 0. Let c(d) be the first derivative of 1/2*d**2 - k - 7*d. Determine c(6).
-1
Let g(s) be the second derivative of s**3/2 - s**2/2 - s + 27. Suppose 6 - 9 = -3*w. Determine g(w).
2
Let f(t) = -6*t**3 - 2*t**2 - t - 8. Let u(v) be the first derivative of 7*v**4/4 + 2*v**3/3 + v**2/2 + 9*v + 1